) = -4*z**2 + 3*z - 2. Let s(c) = -3*h(c) - 2*w(c). Give s(5).
0
Let k = 39 - 43. Let z(m) be the third derivative of -m**6/720 + m**5/24 - m**4/12 + m**2. Let u(l) be the second derivative of z(l). Determine u(k).
9
Suppose 2*v - 5 - 1 = -4*y, -2*y - 3*v + 5 = 0. Let q be (3 - 1 - y)*1. Let t(c) = 2 + 0 - 1 + 2*c**2. What is t(q)?
3
Let b = 2 + 0. Let z(t) = -3*t**3 + 0 - 2*t**b - 3*t - 1 + 0*t**3 + 2*t**3. Give z(-2).
5
Let t(a) = -a + 4. Suppose -5*b + 3*b = 8. Determine t(b).
8
Let j be 0/2 + -1 + 3. Suppose n + n - j = 0. Let q(l) = 3*l + n + 2 - 2 - l**2. Calculate q(3).
1
Let t = -2 + -2. Let c(m) be the second derivative of m**3/3 + m + 7. What is c(t)?
-8
Let x = 63 - 61. Let r be (4/(-6))/((-1)/3). Let z(q) = 3*q - 3*q**r - 2*q**2 + 2*q**2. Determine z(x).
-6
Let k(l) = -l**3 + 2*l**2 + 4*l - 4. Let o(r) = -3*r**3 - r**2 + 1. Let n be (0 - (3 - 6)) + -4. Let j be o(n). Calculate k(j).
-1
Let i = -74 + 79. Let d(s) = s + 2. Calculate d(i).
7
Suppose -5*j - 3*n - 5 = 4, -2*n - 6 = -2*j. Suppose 2*u - 5*u = -2*a, -a - 4*u = j. Let h(l) = l + 2. Determine h(a).
2
Let o(i) = i**2 - i + 3. Let u(x) = -3*x**2 + 4*x - 8. Let s(g) = 17*o(g) + 6*u(g). Let r be s(7). Let t(z) = -2*z**2 + 5*z - 2. Determine t(r).
-5
Let w(k) = 7*k**2 - 2*k + 1. Let y be 13/2 - 6/4. Suppose 3*x - 5*x = y*d - 7, -4*x + 3 = -d. Give w(x).
6
Let f(w) be the third derivative of 0*w + 0 + 3*w**2 + 1/8*w**4 + 0*w**3 + 1/240*w**6 + 1/24*w**5. Let s(y) be the second derivative of f(y). Calculate s(-4).
-7
Let o(w) = 1. Let m(l) = -8*l**2 - 20. Let k(a) = -m(a) - 20*o(a). Let y = 1 + -2. Let i(d) = 2*d + 1. Let x be i(y). Determine k(x).
8
Let z(x) = -3*x**2 - 2*x**2 + x**2 + 5*x - x - x**3. What is z(-4)?
-16
Let j(p) = p**2 - 4*p - 3. Let f(k) = -k**2 - 7*k - 6. Let y be f(-4). Suppose 4*u = -7*o + 4*o + 19, 20 = 5*o - 5*u. Suppose 0 = o*h + 16 - y. Give j(h).
9
Let z(t) = t + 14. Suppose -34 = 4*f - 5*g - 0*g, -g - 46 = 4*f. Let c be z(f). Let v(k) = -k + 6. Calculate v(c).
3
Let r = 25 - 33. Let g(i) = i**3 + 8*i**2 - i - 9. What is g(r)?
-1
Let f = 1597/12 - 133. Let b(x) be the second derivative of f*x**4 + 1/20*x**5 + 0 + 0*x**2 - 1/3*x**3 - x. Give b(-2).
0
Suppose -14 - 1 = -5*m. Let r(j) = 4*j - 4. Determine r(m).
8
Suppose -x - 3 = -7. Let m = -3 - -6. Let f(t) = m + 5*t - 9 - 4*t. Give f(x).
-2
Suppose 0 = -2*o - 0*o - 8. Let j(g) = -2*g**2 - 5*g + 2. What is j(o)?
-10
Let o(w) = w**2 - 7*w + 14. Let b be o(5). Let p(d) = -d**3 + 3*d**2 + 5*d - 3. Calculate p(b).
1
Let d(p) = 4*p**2 + p + 4 - 2*p - p**3 - p. Let l(h) = -h - 3. Let z be l(-7). What is d(z)?
-4
Let o be 4/8 + (-2)/(-4). Suppose -8 = -2*a + s - 2*s, 0 = a + 3*s + o. Let c(l) = -2*l + a - 3 + 4. Determine c(5).
-4
Let n = 93 - 88. Let m(u) be the first derivative of -1/2*u**2 + n*u - 3. What is m(5)?
0
Let w(f) = f**2 + 2*f. Let z be w(-2). Let l(v) = v + v + v + z. What is l(2)?
6
Let q(d) = -d + 3. Suppose -5*o + 3*g = 9 - 38, 0 = 3*o + 4*g. Suppose -o*c = c. Determine q(c).
3
Let b(a) = a**2 - 8*a + 4. Let s be b(7). Let c(g) = -g**3 - 3*g + g - 5*g**2 + g**2. Calculate c(s).
-3
Suppose 0 = 2*q - 19 + 9. Let t(i) = i**3 - 6*i**2 + 6*i - 7. Give t(q).
-2
Let a = -43 - -46. Let q(y) = y + 3. Give q(a).
6
Let g(p) be the second derivative of p**5/20 + p**4/4 + p**3/2 + 3*p**2/2 + p. Give g(-3).
-6
Suppose 3*u - 6 = 4*l, 0*l = 5*u + 3*l - 10. Let j(b) = -4*b - b**u + 5*b - 1 - 3*b. Suppose 4*r = -r - 3*g - 30, 25 = -5*g. What is j(r)?
-4
Let d = -34 + 34. Let n(h) be the first derivative of -h**3/6 - 2*h**2 + h - 1. Let a(y) be the first derivative of n(y). Calculate a(d).
-4
Let p(x) be the first derivative of -x**4/8 - 2*x**3/3 + 3*x**2 + 4. Let k(u) be the second derivative of p(u). Calculate k(-3).
5
Suppose 43*q = 40*q + 9. Let f(n) = n**3 - 4*n**2 + 4*n - 3. Calculate f(q).
0
Let c(v) be the third derivative of v**5/60 - 7*v**4/24 + 5*v**3/6 + 5*v**2. What is c(4)?
-7
Suppose -3 - 1 = -4*w. Let v = 0 + w. Let n(s) = 4*s**2 - 5*s. Let o(j) = 9*j**2 - 11*j. Let f(k) = 7*n(k) - 3*o(k). Give f(v).
-1
Let g(d) = -d**2 + 4*d + 4. Let h be g(4). Suppose 35 = 5*p + h*m + m, 4*p = -m + 16. Let q(r) = -2*r + 1. Determine q(p).
-5
Suppose -3*n + a = -3*a - 4, -4*n - 2*a = 2. Suppose 4*d + 3*o = 10, n*o = -3*d + 4*o - 5. Let y(p) = -9*p**2 + 1. Determine y(d).
-8
Let g(x) = -x**2 - 5*x - 3. Suppose 4*n + 15 = q, -3*n - 4*q - 7 = 28. Give g(n).
-3
Suppose 0 = -2*c + 7*c + 20. Let b(z) = -3*z**3 + 5*z**2 - 4*z. Let t(w) = -2*w**3 + 4*w**2 - 4*w. Let a(h) = c*t(h) + 3*b(h). Calculate a(-3).
6
Let a(f) be the third derivative of -f**4/24 + 5*f**3/3 - 3*f**2. Let v be a(7). Let h(j) = 0 + j + 4 - v. Give h(4).
5
Let l(d) = d - 14. Let t be -3 + (-1 - 8/(-2)). Give l(t).
-14
Let f(t) = -t**2 + 3*t - 2. Let x(g) = -g. Let q(r) = -f(r) - 5*x(r). Let d be ((-12)/(-10))/((-2)/(-5)). Suppose -d*j - 4 = -2*j. Give q(j).
10
Let z(u) be the third derivative of u**5/60 + u**4/4 + 5*u**3/6 - 6*u**2. Give z(-4).
-3
Let f be 6/(-9) - 26/6. Let d = f - -2. Let y(h) = -2*h - 4. Determine y(d).
2
Let a(g) = g**2 + g - 1. Let m(l) = -5*l**2 - l + 7. Let d(n) = -6*a(n) - m(n). Give d(-5).
-1
Let r(g) = -7*g**2. Let x(h) = -2*h**2 + 5*h**2 - 2*h**2 - 5*h - 6 + 1. Let o be x(6). Determine r(o).
-7
Let y(v) = -3*v**2 + 3*v - 13. Let i(b) = -2*b**2 + 2*b - 7. Let q(n) = -5*i(n) + 3*y(n). Let a be q(-2). Let z(x) = -2*x**3 + 3*x**2 - 2*x - 2. Calculate z(a).
-10
Suppose 0*q + q = v + 1, 3*v - 7 = -2*q. Let r(t) = t + 0*t**2 - 3 - q*t**2 + 4 - 6*t**2. Determine r(-1).
-8
Let w(v) = v**2 + 3*v + 3. Let h be w(-3). Let k(b) be the first derivative of 2*b + 4 - 1/2*b**2. What is k(h)?
-1
Let r(t) = -t**2 - 2*t**3 + 3*t**3 + 750 - 748. Let v be (2 - 2)/(2/(-2)). Determine r(v).
2
Let o(p) = -p**2 - 7*p + 2. Let c be o(-7). Let k(s) = 0 + 2*s**2 - 2 - 2 - 3*s**c. Suppose 0 = 2*t + 3*t. Give k(t).
-4
Let k(p) = p**3 + 8*p**2 + 7*p - 6. Let h be k(-7). Let w be (-2)/(-1) - 0/2. Let o(x) = 0*x + x + w + 11. What is o(h)?
7
Let f(c) = -c - 2. Let z be f(-4). Suppose r = z*r. Let n(m) = r - 5*m + 3*m + 0. Give n(3).
-6
Let g(u) be the first derivative of u + u**2 + 1/3*u**3 + 3 + 3/2*u**4. Give g(-1).
-6
Let p(z) = z**3 - 6*z**2 - 8*z + 9. Let y be p(7). Let k(d) = -3*d**2 + 21 - 14 + 2*d - 7. Determine k(y).
-8
Let q(t) = -t**2 - 8*t - 4. Let u(r) = r**3 + 8*r**2 - 5. Let m be u(-8). Calculate q(m).
11
Let j(m) be the third derivative of 0*m - 5*m**2 - 1/120*m**6 + 0 + 7/24*m**4 + 1/12*m**5 - 1/6*m**3. Give j(6).
5
Let c(q) = q**2 + 4*q - 8. Let v be 0 + 4*2 + -1. Let l = v - 5. Suppose 0 = r + l + 4. Give c(r).
4
Let j be 6 + -3 + (-1)/(-1). Suppose j*z = -z + 5. Let c be (1 - (-3 - z))/(-1). Let x(m) = m**3 + 6*m**2 + 3*m - 7. Determine x(c).
3
Let f(t) = 3*t + 1 - 11*t**3 + t**2 + t**2 - t. Let a(d) = -2*d - 9. Let b be a(-4). Calculate f(b).
12
Let f(u) = -2*u**3 + 3*u**2 - u - 1. Suppose -6*x + 3*x + 2*k = -2, -k + 5 = 0. Let q = 2 - x. Let v be (3 - (-2 + 1)) + q. Calculate f(v).
-7
Let t(y) = 3*y + 1. Let j = 10 + -12. Determine t(j).
-5
Let o(p) be the first derivative of 2*p**3/3 + p**2 - 2*p - 1. Suppose -4*d + 1 = -7. Let u be (0 - 0) + (d - 4). Calculate o(u).
2
Let h(j) = 5*j**3 - 9 - 4*j**3 - 2*j**3 + 7*j**2 - 3*j + 3. Calculate h(6).
12
Let y(n) be the first derivative of -n**6/120 - n**5/12 - n**3/3 - 3*n**2/2 - 5. Let z(r) be the second derivative of y(r). Calculate z(-5).
-2
Let v(m) = m**3 - 6*m**2 + m - 2. Let a(y) = y**2 + y + 1. Let d(w) = 2*a(w) + v(w). Determine d(3).
0
Let x(h) = h**3 + 2*h**2 - 2*h + 4. Let a(k) = -k - 12. Let p be a(-14). Suppose -5*s + 38 = -5*y - p, -3*s = 5*y. What is x(y)?
1
Let v(p) = -8*p + 1. Let h = 35 + -22. Suppose 4*k - 3*o - h = 0, 5*k - 17 - 3 = 5*o. Determine v(k).
-7
Let t(d) = -3*d**3 - 2*d**2 + 2*d - 2. Let v(p) = 5*p**3 + 2*p**2 - 5*p + 5. Let c(g) = -7*t(g) - 4*v(g). Calculate c(-5).
-11
Let g(c) be the second derivative of c**4/6 + 5*c**3/6 + c**2/2 - c. Give g(-4).
13
Let r = -5 + 7. Let o(d) = -4 + 4 - 1 + 0 - r*d. Calculate o(1).
-3
Let s be (-3 + 22/4)*2. Let h(l) = 2*l**3 + 2*l**2 + 3*l + 1. Let k(j) = -3*j**3 - 3*j**2 - 5*j - 2. Let w(p) = s*h(p) + 3*k(p). Determine w(-2).
-5
Let r = -6 + 8. Let h(y) = -2 - 5*y + 3 + 1 - y**r + 1. Give h(-6).
-3
Let t(v) = v + 4. Supp